rime factors of 453587.
19, 23873
List the prime factors of 11997260.
2, 5, 11, 23, 2371
What are the prime factors of 17128174?
2, 7, 239, 5119
What are the prime factors of 9158906?
2, 37, 61, 2029
What are the prime factors of 42906?
2, 3, 7151
What are the prime factors of 107057?
107057
List the prime factors of 14870464.
2, 7, 19, 1747
List the prime factors of 8675017.
13, 667309
What are the prime factors of 4073238?
2, 3, 13, 103
What are the prime factors of 3368590?
2, 5, 229, 1471
List the prime factors of 931008.
2, 3, 13, 373
What are the prime factors of 5592513?
3, 37, 50383
List the prime factors of 2903717.
2903717
What are the prime factors of 19800776?
2, 2475097
What are the prime factors of 700747?
149, 4703
List the prime factors of 1080690.
2, 3, 5, 13, 17, 163
What are the prime factors of 1184007?
3, 11, 35879
What are the prime factors of 10299065?
5, 7, 127, 331
List the prime factors of 199543.
383, 521
List the prime factors of 8577917.
31, 276707
List the prime factors of 103181.
13, 7937
What are the prime factors of 132791?
19, 29, 241
List the prime factors of 5302124.
2, 251, 5281
List the prime factors of 2809799.
83, 97, 349
List the prime factors of 2107701.
3, 26021
List the prime factors of 928883.
928883
List the prime factors of 2497286.
2, 11, 113513
What are the prime factors of 4713346?
2, 11, 214243
List the prime factors of 378321.
3, 126107
List the prime factors of 8063598.
2, 3, 1033, 1301
List the prime factors of 9736808.
2, 29, 41969
List the prime factors of 31076762.
2, 53, 293177
What are the prime factors of 557944?
2, 97, 719
What are the prime factors of 4886491?
4886491
What are the prime factors of 619307?
13, 47639
List the prime factors of 9893710.
2, 5, 41, 59, 409
List the prime factors of 800349.
3, 11, 79, 307
What are the prime factors of 3615184?
2, 225949
What are the prime factors of 40068?
2, 3, 7, 53
What are the prime factors of 536687?
536687
List the prime factors of 1100295.
3, 5, 7, 499
What are the prime factors of 965677?
965677
List the prime factors of 38312385.
3, 5, 83, 30773
List the prime factors of 1312377.
3, 11, 39769
List the prime factors of 2971434.
2, 3, 41, 47, 257
List the prime factors of 827296.
2, 103, 251
List the prime factors of 7937156.
2, 389, 5101
What are the prime factors of 1012909?
19, 89, 599
List the prime factors of 1946907.
3, 137, 1579
What are the prime factors of 1018401?
3, 339467
What are the prime factors of 9251449?
9251449
What are the prime factors of 2632947?
3, 821, 1069
List the prime factors of 804178.
2, 402089
What are the prime factors of 694022?
2, 7, 89, 557
List the prime factors of 467989.
19, 24631
List the prime factors of 279969.
3, 93323
List the prime factors of 30096.
2, 3, 11, 19
List the prime factors of 3762109.
13, 113, 197
List the prime factors of 17376174.
2, 3, 151, 2131
What are the prime factors of 16360621?
107, 1429
List the prime factors of 1015538.
2, 293, 1733
What are the prime factors of 2988909?
3, 7, 11, 19, 227
What are the prime factors of 7032066?
2, 3, 23, 50957
What are the prime factors of 176007?
3, 13, 4513
List the prime factors of 26835086.
2, 13417543
What are the prime factors of 160818?
2, 3, 7, 547
What are the prime factors of 601388?
2, 19, 41, 193
What are the prime factors of 8261074?
2, 43, 96059
List the prime factors of 13102751.
29, 131, 3449
List the prime factors of 3210764.
2, 29, 89, 311
List the prime factors of 415687.
415687
What are the prime factors of 5454163?
11, 13, 43, 887
List the prime factors of 115162.
2, 71, 811
List the prime factors of 2991890.
2, 5, 11, 59, 461
List the prime factors of 184035.
3, 5, 12269
List the prime factors of 81672.
2, 3, 41, 83
List the prime factors of 1069054.
2, 7, 19, 4019
What are the prime factors of 3812381?
3812381
List the prime factors of 263747.
11, 23977
What are the prime factors of 217331?
71, 3061
What are the prime factors of 39311089?
17, 1489, 1553
List the prime factors of 131425.
5, 7, 751
What are the prime factors of 1641670?
2, 5, 181, 907
What are the prime factors of 838654?
2, 151, 2777
List the prime factors of 621908.
2, 7, 19, 167
What are the prime factors of 639649?
67, 9547
What are the prime factors of 72788?
2, 31, 587
What are the prime factors of 285440?
2, 5, 223
What are the prime factors of 2702678?
2, 11, 122849
What are the prime factors of 4356440?
2, 5, 11, 9901
List the prime factors of 2354934.
2, 3, 392489
What are the prime factors of 445291?
7, 11, 5783
List the prime factors of 193850.
2, 5, 3877
What are the prime factors of 7286689?
7286689
List the prime factors of 12792433.
2251, 5683
What are the prime factors of 99429?
3, 11, 23, 131
List the prime factors of 273904.
2, 17, 19, 53
List the prime factors of 140395.
5, 43, 653
List the prime factors of 2589044.
2, 647261
List the prime factors of 4360921.
701, 6221
List the prime factors of 1177193.
313, 3761
What are the prime factors of 262295?
5, 11, 19, 251
List the prime factors of 240293.
19, 12647
List the prime factors of 6202562.
2, 41, 75641
What are the prime factors of 523740?
2, 3, 5, 7, 29, 43
List the prime factors of 175036.
2, 43759
What are the prime factors of 13002636?
2, 3, 23, 47111
What are the prime factors of 1450906?
2, 43, 16871
List the prime factors of 1126007.
151, 7457
What are the prime factors of 965676?
2, 3, 80473
What are the prime factors of 218135?
5, 43627
List the prime factors of 527400.
2, 3, 5, 293
What are the prime factors of 566447?
7, 19, 4259
List the prime factors of 227494.
2, 17, 6691
List the prime factors of 5910400.
2, 5, 1847
What are the prime factors of 4217029?
4217029
List the prime factors of 158087.
113, 1399
What are the prime factors of 207292?
2, 29, 1787
What are the prime factors of 2473062?
2, 3, 29, 61, 233
What are the prime factors of 21478652?
2, 13, 317, 1303
What are the prime factors of 311458?
2, 7, 22247
What are the prime factors of 702342?
2, 3, 39019
What are the prime factors of 532510?
2, 5, 11, 47, 103
What are the prime factors of 3421289?
443, 7723
List the prime factors of 3312595.
5, 11, 13, 41, 113
List the prime factors of 14411137.
13, 269, 317
List the prime factors of 5297426.
2, 2648713
What are the prime factors of 3144741?
3, 37, 41, 691
What are the prime factors of 143136?
2, 3, 7, 71
List the prime factors of 4684927.
13, 557, 647
List the prime factors of 1381025.
5, 37, 1493
What are the prime factors of 629?
17, 37
What are the prime factors of 9561679?
9561679
What are the prime factors of 345904?
2, 13, 1663
What are the prime factors of 1073190?
2, 3, 5, 83, 431
List the prime factors of 318125.
5, 509
List the prime factors of 5777610.
2, 3, 5, 192587
What are the prime factors of 15757406?
2, 7, 1125529
What are the prime factors of 74820?
2, 3, 5, 29, 43
List the prime factors of 2298958.
2, 37, 47, 661
What are the prime factors of 1378068?
2, 3, 23, 4993
List the prime factors of 14801119.
14801119
What are the prime factors of 8994272?
2, 7, 40153
List the prime factors of 7282729.
61, 119389
What are the prime factors of 989527?
7, 11, 71, 181
List the prime factors of 512880.
2, 3, 5, 2137
What are the prime factors of 5348909?
5348909
List the prime factors of 204710.
2, 5, 11, 1861
What are the prime factors of 1914162?
2, 3, 319027
What are the prime factors of 248691?
3, 19, 4363
List the prime factors of 638259.
3, 31, 6863
List the prime factors of 1096059.
3, 283, 1291
What are the prime factors of 954558?
2, 3, 11, 1607
List the prime factors of 999661.
13, 131, 587
List the prime factors of 2417933.
7, 29, 43, 277
What are the prime factors of 300531?
3, 7, 11, 1301
List the prime factors of 15623120.
2, 5, 179, 1091
What are the prime factors of 332000?
2, 5, 83
List the prime factors of 863015.
5, 172603
List the prime factors of 3573725.
5, 142949
List the prime factors of 3424201.
11, 311291
List the prime factors of 159031.
109, 1459
What are the prime factors of 577762?
2, 17, 16993
What are the prime factors of 6503040?
2, 3, 5, 1129
List the prime factors of 122871.
3, 7, 5851
What are the prime factors of 2558344?
2, 199, 1607
What are the prime factors of 23269883?
7, 13, 255713
List the p